hat is the units digit of 3022452?
2
What is the units digit of 55471?
1
What is the ten thousands digit of 320322?
2
What is the thousands digit of 992812?
2
What is the units digit of 229048?
8
What is the thousands digit of 11399486?
9
What is the thousands digit of 32644135?
4
What is the hundreds digit of 219279?
2
What is the tens digit of 2984729?
2
What is the hundred thousands digit of 2713257?
7
What is the tens digit of 6134265?
6
What is the hundreds digit of 1335536?
5
What is the tens digit of 849220?
2
What is the thousands digit of 10805506?
5
What is the units digit of 5813866?
6
What is the tens digit of 1569260?
6
What is the hundred thousands digit of 272604?
2
What is the hundreds digit of 790606?
6
What is the hundred thousands digit of 11423086?
4
What is the millions digit of 3818153?
3
What is the ten thousands digit of 999417?
9
What is the ten thousands digit of 764827?
6
What is the hundreds digit of 6634675?
6
What is the units digit of 521367?
7
What is the millions digit of 2155567?
2
What is the ten thousands digit of 110000?
1
What is the millions digit of 1030871?
1
What is the hundred thousands digit of 318667?
3
What is the hundreds digit of 234802?
8
What is the tens digit of 530628?
2
What is the hundreds digit of 26092463?
4
What is the hundred thousands digit of 1038700?
0
What is the tens digit of 1111042?
4
What is the units digit of 1655726?
6
What is the tens digit of 1715594?
9
What is the thousands digit of 124735?
4
What is the hundreds digit of 682831?
8
What is the tens digit of 8307991?
9
What is the hundreds digit of 388397?
3
What is the hundreds digit of 378582?
5
What is the thousands digit of 2071512?
1
What is the ten thousands digit of 120953?
2
What is the hundred thousands digit of 1089501?
0
What is the ten thousands digit of 8396055?
9
What is the units digit of 28425992?
2
What is the ten thousands digit of 354483?
5
What is the millions digit of 6515121?
6
What is the thousands digit of 7585614?
5
What is the tens digit of 1214584?
8
What is the millions digit of 2709245?
2
What is the ten thousands digit of 1060240?
6
What is the hundred thousands digit of 3718318?
7
What is the tens digit of 22940?
4
What is the hundred thousands digit of 4617840?
6
What is the units digit of 48163?
3
What is the millions digit of 3973597?
3
What is the tens digit of 90968?
6
What is the tens digit of 117100?
0
What is the thousands digit of 487271?
7
What is the hundred thousands digit of 2131571?
1
What is the tens digit of 193712?
1
What is the ten thousands digit of 2780870?
8
What is the ten thousands digit of 791361?
9
What is the hundred thousands digit of 210084?
2
What is the hundred thousands digit of 669548?
6
What is the tens digit of 53147?
4
What is the thousands digit of 252503?
2
What is the ten thousands digit of 39750?
3
What is the units digit of 712477?
7
What is the ten thousands digit of 160343?
6
What is the thousands digit of 370098?
0
What is the thousands digit of 301004?
1
What is the millions digit of 3699595?
3
What is the thousands digit of 4680888?
0
What is the millions digit of 15327661?
5
What is the millions digit of 16325303?
6
What is the units digit of 364534?
4
What is the hundred thousands digit of 14908204?
9
What is the millions digit of 12032173?
2
What is the units digit of 536045?
5
What is the ten thousands digit of 162363?
6
What is the hundred thousands digit of 2912194?
9
What is the hundred thousands digit of 3832477?
8
What is the hundreds digit of 1018931?
9
What is the hundred thousands digit of 423783?
4
What is the thousands digit of 4641171?
1
What is the hundreds digit of 77074?
0
What is the thousands digit of 1253163?
3
What is the tens digit of 4150032?
3
What is the tens digit of 337487?
8
What is the ten thousands digit of 406043?
0
What is the millions digit of 1984774?
1
What is the hundred thousands digit of 1974920?
9
What is the units digit of 122582?
2
What is the hundred thousands digit of 162627?
1
What is the units digit of 5666413?
3
What is the ten millions digit of 15087360?
1
What is the hundreds digit of 397574?
5
What is the hundreds digit of 7608298?
2
What is the units digit of 550119?
9
What is the hundreds digit of 259508?
5
What is the tens digit of 10373746?
4
What is the ten thousands digit of 161979?
6
What is the millions digit of 3094271?
3
What is the thousands digit of 26493?
6
What is the hundred thousands digit of 9077226?
0
What is the units digit of 2072923?
3
What is the hundreds digit of 539738?
7
What is the hundred thousands digit of 3665535?
6
What is the thousands digit of 4331062?
1
What is the millions digit of 3485520?
3
What is the ten thousands digit of 3962646?
6
What is the thousands digit of 144174?
4
What is the hundreds digit of 7074184?
1
What is the hundreds digit of 3504988?
9
What is the units digit of 3066173?
3
What is the hundreds digit of 738862?
8
What is the millions digit of 14689165?
4
What is the ten thousands digit of 1955636?
5
What is the tens digit of 17667805?
0
What is the tens digit of 121609?
0
What is the ten thousands digit of 652306?
5
What is the hundreds digit of 4807027?
0
What is the hundred thousands digit of 32958911?
9
What is the thousands digit of 3473370?
3
What is the hundreds digit of 3109076?
0
What is the ten thousands digit of 4326164?
2
What is the ten thousands digit of 50294?
5
What is the hundred thousands digit of 6895010?
8
What is the thousands digit of 476720?
6
What is the units digit of 3068531?
1
What is the hundred thousands digit of 525684?
5
What is the hundred thousands digit of 1214918?
2
What is the hundred thousands digit of 330690?
3
What is the tens digit of 1163253?
5
What is the ten millions digit of 11496565?
1
What is the units digit of 7483311?
1
What is the hundreds digit of 780623?
6
What is the tens digit of 179278?
7
What is the hundreds digit of 189902?
9
What is the tens digit of 472187?
8
What is the thousands digit of 227077?
7
What is the hundreds digit of 691853?
8
What is the ten thousands digit of 277666?
7
What is the thousands digit of 207056?
7
What is the units digit of 65647?
7
What is the units digit of 8097459?
9
What is the hundreds digit of 732520?
5
What is the millions digit of 6456119?
6
What is the tens digit of 215352?
5
What is the ten thousands digit of 20068143?
6
What is the thousands digit of 205600?
5
What is the tens digit of 4715956?
5
What is the units digit of 89300?
0
What is the units digit of 300526?
6
What is the units digit of 7208041?
1
What is the hundred thousands digit of 274919?
2
What is the units digit of 1646251?
1
What is the tens digit of 3969505?
0
What is the hundred thousands digit of 1393800?
3
What is the hundred thousands digit of 112348?
1
What is the tens digit of 609780?
8
What is the units digit of 768661?
1
What is the ten thousands digit of 154628?
5
What is the thousands digit of 917151?
7
What is the thousands digit of 809187?
9
What is the ten thousands digit of 2059119?
5
What is the tens digit of 1212493?
9
What is the hundred thousands digit of 31255904?
2
What is the hundreds digit of 861594?
5
What is the hundred thousands digit of 1973554?
9
What is the millions digit of 1301117?
1
What is the hundreds digit of 768685?
6
What is the hundreds digit of 19573666?
6
What is the hundreds digit of 8785914?
9
What is the hundreds digit of 28849406?
4
What is the ten thousands digit of 658333?
5
What is the thousands digit of 1594670?
4
What is the ten thousands digit of 280916?
8
What is the hundred thousands digit of 20639854?
6
What is the units digit of 466217?
7
What is the thousands digit of 4613136?
3
What is the tens digit of 1060181?
8
What is the ten millions digit of 17694095?
1
What is the ten thousands digit of 794064?
9
What is the hundreds digit of 401984?
9
What is the ten thousands digit of 179022?
7
What is the tens digit of 1038143?
4
What is the hundreds digit of 98562?
5
What is the thousands digit of 12287370?
7
What is the units digit of 1944500?
0
What is the units digit of 10072044?
4
What is the tens digit of 465434?
3
What is the units digit of 429213?
3
What is the hundreds digit of 118370?
3
What is the hundreds digit of 1711?
7
W